) = a**2 - 4*a - 10. Let n be k(8). Calculate the highest common divisor of 33 and n.
11
Let f = -18 - -15. Let a = 4 - f. Calculate the greatest common divisor of a and 56.
7
Let c(d) = -d - 2. Let u be c(-5). Suppose 6 = u*l - 0. Suppose 0 = -3*y - l + 11. Calculate the highest common divisor of y and 1.
1
Let a = -8 + 44. What is the greatest common factor of a and 9?
9
Suppose -20 + 8 = -2*l. Let z be ((-8)/l)/((-10)/45). What is the highest common factor of z and 30?
6
Let o = 62 + -22. Calculate the highest common divisor of o and 20.
20
Let x = 150 + -213. Let o = x - -90. What is the highest common divisor of 9 and o?
9
Suppose 0 = 2*m - 3*l + 5, -m - 2*l - 13 = -0*m. Let a be 11/((7/(-6))/m). Let t be ((-2)/(-4))/(2/44). What is the highest common factor of a and t?
11
Let g(y) = y**2 - 4*y + 5. Let q be g(4). Suppose -2*o + q*o = 57. What is the highest common factor of o and 209?
19
Suppose 1332 = 4*b + 180. Calculate the highest common factor of b and 36.
36
Suppose 2*n = 20 + 46. Let t be (36/48)/(1/4). Calculate the highest common divisor of n and t.
3
Let j be 167/11 - (-6)/(-33). Calculate the greatest common factor of j and 150.
15
Let q(d) = -d**2 - 12*d - 6. Let c be q(-11). What is the greatest common divisor of c and 5?
5
Let v be 6/(6/(-8)*-2). Calculate the highest common divisor of v and 20.
4
Suppose w - 3*p - 79 = 0, 2*w - 4*p - 161 = p. What is the highest common factor of 22 and w?
22
Let q(j) = 17*j**2 + j + 4. Let y be q(-3). Let h(z) = 3*z - 10. Let i be h(8). What is the greatest common factor of y and i?
14
Let f be 1/((-1)/(-53)) + -3. What is the greatest common factor of f and 20?
10
Let t(b) = 125*b**3 - 1. Let j be t(1). Calculate the highest common factor of j and 31.
31
Suppose -2*u + 5*u - 33 = 0. Calculate the greatest common factor of u and 44.
11
Let k be (-12)/(-10)*250/3. Suppose 3*h - k = 170. Calculate the highest common factor of h and 36.
18
Let k = 84 + -36. Suppose -p + 3*y + 0*y = -6, 0 = 4*y - 8. Calculate the greatest common factor of p and k.
12
Let j(k) = -4*k - 8. Let b be j(-9). Suppose 0 = -5*d + 22 + b. Calculate the highest common factor of d and 20.
10
Let w be 70/5*6/7. What is the greatest common divisor of w and 4?
4
Let j = -7 - -51. Let k = -198 + 202. Calculate the greatest common factor of k and j.
4
Let f(n) = 140*n**2 + n - 1. Let j be f(1). Calculate the greatest common factor of j and 20.
20
Let l be (-3 - 48)*-1 + 0. Calculate the greatest common divisor of l and 17.
17
Let q = -3 + 9. Calculate the greatest common factor of q and 6.
6
Let r = 32 - 21. What is the highest common divisor of r and 121?
11
Let w be (-4 + 5)/1 - -16. What is the greatest common divisor of 34 and w?
17
Let a(f) = f - 2. Let x be a(5). Calculate the greatest common divisor of x and 3.
3
Let u be 16/12*3 - (-99 + -2). Calculate the greatest common divisor of 45 and u.
15
Suppose -8*n + 23*n = 1800. What is the highest common divisor of n and 15?
15
Let b = 29 - 7. Calculate the highest common factor of 110 and b.
22
Let o = -152 - -168. Let m be ((-24)/5)/(1/(-10)). Calculate the highest common factor of m and o.
16
Let y = -278 + 326. Let o be 4/(-3)*(-9 + 0). What is the highest common divisor of y and o?
12
Suppose k - 22 = -2*d + 1, -k + 20 = 5*d. Calculate the greatest common factor of k and 175.
25
Let j(o) = -o**3 + 5*o**2 + o - 2. Let s be j(5). Suppose 4*g - 3 = f, -4*f - 4*g = -3*f + s. Let n = 6 - f. Calculate the greatest common factor of 6 and n.
3
Let t be 3 + (0 + 15)*1. Suppose 29 = -4*o - 7. Let j = o + t. Calculate the highest common factor of j and 18.
9
Let g = 2 + -1. Suppose 2*r - r = 2*c + 11, -2*c = 3*r - g. Suppose 8*l - 40 = r*l. What is the greatest common factor of l and 8?
8
Let c = 2 - 4. Let a be (4 - -1)*(-6)/c. Let b be ((-3)/(-2))/((-1)/(-50)). Calculate the highest common divisor of a and b.
15
Let c be (48 - (0 - 2)) + -1. Let q = 109 - c. What is the greatest common divisor of q and 15?
15
Let p(c) = c + 21. Let w be p(-11). What is the highest common divisor of w and 10?
10
Let p(n) = -n**2 + 6*n + 2. Let w be p(6). What is the highest common factor of w and 18?
2
Suppose 16*j - 2 = 15*j. Calculate the greatest common factor of 14 and j.
2
Suppose 0*x - 5*x = -2*b + 213, -100 = -b - 4*x. What is the highest common factor of 13 and b?
13
Let n = 836 + -549. Suppose 3*m - 5*x - 1175 = -m, -m - x = -n. Let p be m/2 + (1 - 2). What is the highest common divisor of p and 18?
18
Let f be 9 + -7 + 1 + 3. Let s = f + 6. Let x = s - 8. Calculate the highest common factor of 20 and x.
4
Suppose 47 = 3*i + 2*s - 33, 2*i + 5*s - 46 = 0. Suppose -2*j + 27 = -1. What is the greatest common divisor of j and i?
14
Let p(t) = t**3 + 5*t**2 + 3*t + 2. Let z be p(-3). Let w = -3 + z. Calculate the highest common divisor of w and 16.
8
Suppose -4*v - q + 108 = 0, -2*v + 3*q = -0*v - 68. Calculate the greatest common divisor of 28 and v.
28
Let c = 8 + 12. Calculate the highest common factor of 180 and c.
20
Suppose 61 = -2*g - g + 4*t, -2*g - t = 59. Let y be 6 - (5 + -2) - g. Suppose 81 - y = 3*h. What is the greatest common factor of 187 and h?
17
Let y be 4 + (6/3)/(-1). Let p be (y + 12/(-9))*6. Suppose p*t = -j - 4*j + 32, 0 = -t - 2*j + 11. Calculate the highest common factor of 2 and t.
1
Let j be (-2)/((-2)/219) + 2. Suppose 3*k - j = 109. Let q = 23 - 13. Calculate the highest common divisor of q and k.
10
Let i(b) = b**2 + 5*b + 8. Let q be i(-6). Let u be (2/(-5))/((-7)/35). Calculate the greatest common divisor of u and q.
2
Suppose -2*a - a + 48 = 0. Calculate the highest common factor of 16 and a.
16
Suppose 12 = 3*a - 42. Let z = -9 + a. Let q be 9/(-12)*(-8)/2. What is the highest common divisor of z and q?
3
Suppose 3*o = -m + 4 + 2, 0 = -5*o + 3*m - 4. Calculate the highest common factor of 3 and o.
1
Let r be (-148)/(-6) - (-14)/(-21). Calculate the highest common factor of r and 6.
6
Let y be 5*-1*(-2 - -1). Let n = 6 + y. Suppose 5*i = -5*f + 200, 0*i = -f + 3*i + 56. Calculate the highest common divisor of f and n.
11
Suppose 0*u + 4*u = 252. Calculate the highest common factor of 7 and u.
7
Let w be (-20)/110 - (-13)/11. What is the highest common divisor of w and 1?
1
Let v(s) = 5*s + 135. Let q be v(0). What is the highest common divisor of 27 and q?
27
Let b be 1*(3/(-3) - -2). Let z(h) = 25*h**3 - h**2. Let a be z(b). Calculate the highest common divisor of a and 12.
12
Let t = 6 + -4. Let j be (2 + -9)/(1/t). Let c = j + 23. What is the highest common factor of c and 72?
9
Let j be (-6 + 3)/(-1) - -3. Let g = 49 - 19. Calculate the highest common divisor of g and j.
6
Let u(i) = -i**3 - 12*i**2 + i + 13. Let v be u(-12). What is the highest common factor of 4 and v?
1
Let y = 11 + -5. Let s be -15*1*y/(-10). What is the greatest common factor of 9 and s?
9
Suppose 5*c - 152 = 48. Let s be (4/(-3))/((-2)/15). Let j be 48/s + (-3)/(-15). What is the greatest common factor of c and j?
5
Let g = -3 + 3. Suppose 14 + 2 = f + 2*j, g = -f - 4*j + 22. What is the highest common divisor of 50 and f?
10
Let f = -71 + 119. Let m = -115 + 161. Suppose -4*i + 3*t + m = -18, 3*i = -5*t + f. Calculate the highest common divisor of i and 2.
2
Let n(f) = 4*f**2 + 6*f - 4. Let v be n(-7). Calculate the greatest common divisor of v and 15.
15
Let i = -42 - -78. Suppose 2*s + d - 24 = 0, 3*s + 4*d - i = s. Calculate the highest common divisor of s and 40.
10
Suppose 5*r - 61 = 259. What is the highest common factor of r and 16?
16
Let o = 7 + 3. Suppose o = 2*q, 4*u + 2*q + 2*q = 64. Let y = u + -7. What is the highest common divisor of y and 44?
4
Let j(g) = g**3 - 2*g**2 - 2*g + 8. Let x be j(6). What is the highest common factor of x and 14?
14
Suppose -260 = -3*y + 307. What is the highest common factor of 27 and y?
27
Let h(u) = -u + 28. Let g be h(0). What is the highest common divisor of 7 and g?
7
Let k(r) = r**2 + 14*r + 6. Let j be k(-9). Let b be j/(-3) + 2 - -3. Calculate the highest common factor of b and 2.
2
Let q(y) = -y**2 + 5*y + 4. Let v be q(4). Let z(n) = 15*n**2 - 3*n - 2. Suppose -b - 2 = -0. Let s be z(b). What is the greatest common divisor of s and v?
8
Let f(a) = -a**3 + 6*a**2 - 3*a - 4. Let c be f(5). Let n = -27 - -39. What is the hi